{"id":1890,"date":"2019-07-01T09:36:10","date_gmt":"2019-07-01T09:36:10","guid":{"rendered":"http:\/\/srodmiejska.waw.pl\/?page_id=1890"},"modified":"2025-04-10T06:29:29","modified_gmt":"2025-04-10T06:29:29","slug":"rodo","status":"publish","type":"page","link":"https:\/\/srodmiejska.waw.pl\/?page_id=1890","title":{"rendered":"RODO"},"content":{"rendered":"\n<p>Szanowni Pa\u0144stwo,<\/p>\n\n\n\n<p>prosimy o zapoznanie si\u0119 z  tre\u015bci\u0105  dokumentu &#8222;Polityka Bezpiecze\u0144stwa Danych Osobowych w \u015ar\u00f3dmiejskiej Sp\u00f3\u0142dzielni Mieszkaniowej w upad\u0142o\u015bci likwidacyjnej&#8221;<\/p>\n\n\n\n<p><\/p>\n\n\n\n<div class=\"wp-block-file\"><a href=\"https:\/\/srodmiejska.waw.pl\/wp-content\/uploads\/2023\/02\/Polityka-Bezpieczenstwa-SSM.docx\">Polityka-Bezpieczenstwa-SSM<\/a><a href=\"https:\/\/srodmiejska.waw.pl\/wp-content\/uploads\/2023\/02\/Polityka-Bezpieczenstwa-SSM.docx\" class=\"wp-block-file__button wp-element-button\" download>Pobierz<\/a><\/div>\n\n\n\n<div class=\"wp-block-file\"><a href=\"https:\/\/srodmiejska.waw.pl\/wp-content\/uploads\/2023\/02\/Wzor-zgody-na-przetwarzanie-danych.docx\">Wzor-zgody-na-przetwarzanie-danych<\/a><a href=\"https:\/\/srodmiejska.waw.pl\/wp-content\/uploads\/2023\/02\/Wzor-zgody-na-przetwarzanie-danych.docx\" class=\"wp-block-file__button wp-element-button\" download>Pobierz<\/a><\/div>\n\n\n\n<div class=\"wp-block-file\"><a id=\"wp-block-file--media-91eaaa66-4e6b-4e57-aaf3-d477e5f3fa8b\" href=\"https:\/\/srodmiejska.waw.pl\/wp-content\/uploads\/2025\/04\/Obowiazek-informacyjny.docx\">Obowiazek-informacyjny<\/a><a href=\"https:\/\/srodmiejska.waw.pl\/wp-content\/uploads\/2025\/04\/Obowiazek-informacyjny.docx\" class=\"wp-block-file__button wp-element-button\" download aria-describedby=\"wp-block-file--media-91eaaa66-4e6b-4e57-aaf3-d477e5f3fa8b\">Pobierz<\/a><\/div>\n","protected":false},"excerpt":{"rendered":"<p>Szanowni Pa\u0144stwo, prosimy o zapoznanie si\u0119 z tre\u015bci\u0105 dokumentu &#8222;Polityka Bezpiecze\u0144stwa Danych Osobowych w \u015ar\u00f3dmiejskiej Sp\u00f3\u0142dzielni Mieszkaniowej w upad\u0142o\u015bci likwidacyjnej&#8221;<\/p>\n","protected":false},"author":5,"featured_media":0,"parent":0,"menu_order":0,"comment_status":"closed","ping_status":"closed","template":"","meta":{"footnotes":""},"class_list":["post-1890","page","type-page","status-publish","hentry"],"_links":{"self":[{"href":"https:\/\/srodmiejska.waw.pl\/index.php?rest_route=\/wp\/v2\/pages\/1890","targetHints":{"allow":["GET"]}}],"collection":[{"href":"https:\/\/srodmiejska.waw.pl\/index.php?rest_route=\/wp\/v2\/pages"}],"about":[{"href":"https:\/\/srodmiejska.waw.pl\/index.php?rest_route=\/wp\/v2\/types\/page"}],"author":[{"embeddable":true,"href":"https:\/\/srodmiejska.waw.pl\/index.php?rest_route=\/wp\/v2\/users\/5"}],"replies":[{"embeddable":true,"href":"https:\/\/srodmiejska.waw.pl\/index.php?rest_route=%2Fwp%2Fv2%2Fcomments&post=1890"}],"version-history":[{"count":4,"href":"https:\/\/srodmiejska.waw.pl\/index.php?rest_route=\/wp\/v2\/pages\/1890\/revisions"}],"predecessor-version":[{"id":3573,"href":"https:\/\/srodmiejska.waw.pl\/index.php?rest_route=\/wp\/v2\/pages\/1890\/revisions\/3573"}],"wp:attachment":[{"href":"https:\/\/srodmiejska.waw.pl\/index.php?rest_route=%2Fwp%2Fv2%2Fmedia&parent=1890"}],"curies":[{"name":"wp","href":"https:\/\/api.w.org\/{rel}","templated":true}]}}