{"id":2071,"date":"2020-08-11T15:46:51","date_gmt":"2020-08-11T15:46:51","guid":{"rendered":"http:\/\/srodmiejska.waw.pl\/wp-content\/uploads\/2020\/08\/3_Komunikat-Syndyka-dot.-zagadnie\u0144-zwi\u0105zanych-z-nieruchomo\u015bci\u0105-przy-Al.-Jana-Paw\u0142a-II-20-2.pdf"},"modified":"2020-08-11T15:46:51","modified_gmt":"2020-08-11T15:46:51","slug":"3_komunikat-syndyka-dot-zagadnien-zwiazanych-z-nieruchomoscia-przy-al-jana-pawla-ii-20-3","status":"inherit","type":"attachment","link":"https:\/\/srodmiejska.waw.pl\/?attachment_id=2071","title":{"rendered":"3_Komunikat Syndyka dot. zagadnie\u0144 zwi\u0105zanych z nieruchomo\u015bci\u0105 przy Al. Jana Paw\u0142a II 20"},"author":4,"featured_media":0,"comment_status":"closed","ping_status":"closed","template":"","meta":[],"class_list":["post-2071","attachment","type-attachment","status-inherit","hentry"],"description":{"rendered":"<p class=\"attachment\"><a href='https:\/\/srodmiejska.waw.pl\/wp-content\/uploads\/2020\/08\/3_Komunikat-Syndyka-dot.-zagadnie\u0144-zwi\u0105zanych-z-nieruchomo\u015bci\u0105-przy-Al.-Jana-Paw\u0142a-II-20-2.pdf'>3_Komunikat Syndyka dot. zagadnie\u0144 zwi\u0105zanych z nieruchomo\u015bci\u0105 przy Al. Jana Paw\u0142a II 20<\/a><\/p>\n"},"caption":{"rendered":"<p>3_Komunikat Syndyka dot. zagadnie\u0144 zwi\u0105zanych z nieruchomo\u015bci\u0105 przy Al. Jana Paw\u0142a II 20<\/p>\n"},"alt_text":"","media_type":"file","mime_type":"application\/pdf","media_details":{},"post":2067,"source_url":"https:\/\/srodmiejska.waw.pl\/wp-content\/uploads\/2020\/08\/3_Komunikat-Syndyka-dot.-zagadnie\u0144-zwi\u0105zanych-z-nieruchomo\u015bci\u0105-przy-Al.-Jana-Paw\u0142a-II-20-2.pdf","_links":{"self":[{"href":"https:\/\/srodmiejska.waw.pl\/index.php?rest_route=\/wp\/v2\/media\/2071","targetHints":{"allow":["GET"]}}],"collection":[{"href":"https:\/\/srodmiejska.waw.pl\/index.php?rest_route=\/wp\/v2\/media"}],"about":[{"href":"https:\/\/srodmiejska.waw.pl\/index.php?rest_route=\/wp\/v2\/types\/attachment"}],"author":[{"embeddable":true,"href":"https:\/\/srodmiejska.waw.pl\/index.php?rest_route=\/wp\/v2\/users\/4"}],"replies":[{"embeddable":true,"href":"https:\/\/srodmiejska.waw.pl\/index.php?rest_route=%2Fwp%2Fv2%2Fcomments&post=2071"}],"wp:attached-to":[{"embeddable":true,"post_type":"post","id":2067,"href":"https:\/\/srodmiejska.waw.pl\/index.php?rest_route=\/wp\/v2\/posts\/2067"}],"curies":[{"name":"wp","href":"https:\/\/api.w.org\/{rel}","templated":true}]}}

http://srodmiejska.waw.pl/wp-content/uploads/2020/08/3_Komunikat-Syndyka-dot.-zagadnień-związanych-z-nieruchomością-przy-Al.-Jana-Pawła-II-20-2.pdf

3_Komunikat Syndyka dot. zagadnień związanych z nieruchomością przy Al. Jana Pawła II 20

<p class="attachment"><a href='https://srodmiejska.waw.pl/wp-content/uploads/2020/08/3_Komunikat-Syndyka-dot.-zagadnień-związanych-z-nieruchomością-przy-Al.-Jana-Pawła-II-20-2.pdf'>3_Komunikat Syndyka dot. zagadnień związanych z nieruchomością przy Al. Jana Pawła II 20</a></p>

<p>3_Komunikat Syndyka dot. zagadnień związanych z nieruchomością przy Al. Jana Pawła II 20</p>

https://srodmiejska.waw.pl/wp-content/uploads/2020/08/3_Komunikat-Syndyka-dot.-zagadnień-związanych-z-nieruchomością-przy-Al.-Jana-Pawła-II-20-2.pdf
