{"id":2063,"date":"2020-08-03T11:00:19","date_gmt":"2020-08-03T11:00:19","guid":{"rendered":"http:\/\/srodmiejska.waw.pl\/wp-content\/uploads\/2020\/08\/10_Zarz\u0105dzenie-nr-10_2020-Syndyka-masy-upad\u0142o\u015bci-\u015aSM-w-upad\u0142o\u015bci-likwidacyjnej-1.pdf"},"modified":"2020-08-03T11:00:19","modified_gmt":"2020-08-03T11:00:19","slug":"10_zarzadzenie-nr-10_2020-syndyka-masy-upadlosci-ssm-w-upadlosci-likwidacyjnej-2","status":"inherit","type":"attachment","link":"https:\/\/srodmiejska.waw.pl\/?attachment_id=2063","title":{"rendered":"10_Zarz\u0105dzenie nr 10_2020 Syndyka masy upad\u0142o\u015bci \u015aSM w upad\u0142o\u015bci likwidacyjnej"},"author":4,"featured_media":0,"comment_status":"closed","ping_status":"closed","template":"","meta":[],"class_list":["post-2063","attachment","type-attachment","status-inherit","hentry"],"description":{"rendered":"<p class=\"attachment\"><a href='https:\/\/srodmiejska.waw.pl\/wp-content\/uploads\/2020\/08\/10_Zarz\u0105dzenie-nr-10_2020-Syndyka-masy-upad\u0142o\u015bci-\u015aSM-w-upad\u0142o\u015bci-likwidacyjnej-1.pdf'><img loading=\"lazy\" decoding=\"async\" width=\"212\" height=\"300\" src=\"https:\/\/srodmiejska.waw.pl\/wp-content\/uploads\/2020\/08\/10_Zarz\u0105dzenie-nr-10_2020-Syndyka-masy-upad\u0142o\u015bci-\u015aSM-w-upad\u0142o\u015bci-likwidacyjnej-1-212x300.jpg\" class=\"attachment-medium size-medium\" alt=\"\" \/><\/a><\/p>\n"},"caption":{"rendered":""},"alt_text":"","media_type":"file","mime_type":"application\/pdf","media_details":{"sizes":{"thumbnail":{"file":"10_Zarz\u0105dzenie-nr-10_2020-Syndyka-masy-upad\u0142o\u015bci-\u015aSM-w-upad\u0142o\u015bci-likwidacyjnej-1-106x150.jpg","width":106,"height":150,"mime_type":"image\/jpeg","source_url":"https:\/\/srodmiejska.waw.pl\/wp-content\/uploads\/2020\/08\/10_Zarz\u0105dzenie-nr-10_2020-Syndyka-masy-upad\u0142o\u015bci-\u015aSM-w-upad\u0142o\u015bci-likwidacyjnej-1-106x150.jpg"},"medium":{"file":"10_Zarz\u0105dzenie-nr-10_2020-Syndyka-masy-upad\u0142o\u015bci-\u015aSM-w-upad\u0142o\u015bci-likwidacyjnej-1-212x300.jpg","width":212,"height":300,"mime_type":"image\/jpeg","source_url":"https:\/\/srodmiejska.waw.pl\/wp-content\/uploads\/2020\/08\/10_Zarz\u0105dzenie-nr-10_2020-Syndyka-masy-upad\u0142o\u015bci-\u015aSM-w-upad\u0142o\u015bci-likwidacyjnej-1-212x300.jpg"},"large":{"file":"10_Zarz\u0105dzenie-nr-10_2020-Syndyka-masy-upad\u0142o\u015bci-\u015aSM-w-upad\u0142o\u015bci-likwidacyjnej-1-724x1024.jpg","width":724,"height":1024,"mime_type":"image\/jpeg","source_url":"https:\/\/srodmiejska.waw.pl\/wp-content\/uploads\/2020\/08\/10_Zarz\u0105dzenie-nr-10_2020-Syndyka-masy-upad\u0142o\u015bci-\u015aSM-w-upad\u0142o\u015bci-likwidacyjnej-1-724x1024.jpg"},"full":{"file":"10_Zarz\u0105dzenie-nr-10_2020-Syndyka-masy-upad\u0142o\u015bci-\u015aSM-w-upad\u0142o\u015bci-likwidacyjnej-1.jpg","width":1059,"height":1498,"mime_type":"application\/pdf","source_url":"https:\/\/srodmiejska.waw.pl\/wp-content\/uploads\/2020\/08\/10_Zarz\u0105dzenie-nr-10_2020-Syndyka-masy-upad\u0142o\u015bci-\u015aSM-w-upad\u0142o\u015bci-likwidacyjnej-1.jpg"}}},"post":2062,"source_url":"https:\/\/srodmiejska.waw.pl\/wp-content\/uploads\/2020\/08\/10_Zarz\u0105dzenie-nr-10_2020-Syndyka-masy-upad\u0142o\u015bci-\u015aSM-w-upad\u0142o\u015bci-likwidacyjnej-1.pdf","_links":{"self":[{"href":"https:\/\/srodmiejska.waw.pl\/index.php?rest_route=\/wp\/v2\/media\/2063","targetHints":{"allow":["GET"]}}],"collection":[{"href":"https:\/\/srodmiejska.waw.pl\/index.php?rest_route=\/wp\/v2\/media"}],"about":[{"href":"https:\/\/srodmiejska.waw.pl\/index.php?rest_route=\/wp\/v2\/types\/attachment"}],"author":[{"embeddable":true,"href":"https:\/\/srodmiejska.waw.pl\/index.php?rest_route=\/wp\/v2\/users\/4"}],"replies":[{"embeddable":true,"href":"https:\/\/srodmiejska.waw.pl\/index.php?rest_route=%2Fwp%2Fv2%2Fcomments&post=2063"}],"wp:attached-to":[{"embeddable":true,"post_type":"post","id":2062,"href":"https:\/\/srodmiejska.waw.pl\/index.php?rest_route=\/wp\/v2\/posts\/2062"}],"curies":[{"name":"wp","href":"https:\/\/api.w.org\/{rel}","templated":true}]}}

http://srodmiejska.waw.pl/wp-content/uploads/2020/08/10_Zarządzenie-nr-10_2020-Syndyka-masy-upadłości-ŚSM-w-upadłości-likwidacyjnej-1.pdf

10_Zarządzenie nr 10_2020 Syndyka masy upadłości ŚSM w upadłości likwidacyjnej

<p class="attachment"><a href='https://srodmiejska.waw.pl/wp-content/uploads/2020/08/10_Zarządzenie-nr-10_2020-Syndyka-masy-upadłości-ŚSM-w-upadłości-likwidacyjnej-1.pdf'><img loading="lazy" decoding="async" width="212" height="300" src="https://srodmiejska.waw.pl/wp-content/uploads/2020/08/10_Zarządzenie-nr-10_2020-Syndyka-masy-upadłości-ŚSM-w-upadłości-likwidacyjnej-1-212x300.jpg" class="attachment-medium size-medium" alt="" /></a></p>

10_Zarządzenie-nr-10_2020-Syndyka-masy-upadłości-ŚSM-w-upadłości-likwidacyjnej-1-106x150.jpg

https://srodmiejska.waw.pl/wp-content/uploads/2020/08/10_Zarządzenie-nr-10_2020-Syndyka-masy-upadłości-ŚSM-w-upadłości-likwidacyjnej-1-106x150.jpg

10_Zarządzenie-nr-10_2020-Syndyka-masy-upadłości-ŚSM-w-upadłości-likwidacyjnej-1-212x300.jpg

https://srodmiejska.waw.pl/wp-content/uploads/2020/08/10_Zarządzenie-nr-10_2020-Syndyka-masy-upadłości-ŚSM-w-upadłości-likwidacyjnej-1-212x300.jpg

10_Zarządzenie-nr-10_2020-Syndyka-masy-upadłości-ŚSM-w-upadłości-likwidacyjnej-1-724x1024.jpg

https://srodmiejska.waw.pl/wp-content/uploads/2020/08/10_Zarządzenie-nr-10_2020-Syndyka-masy-upadłości-ŚSM-w-upadłości-likwidacyjnej-1-724x1024.jpg

10_Zarządzenie-nr-10_2020-Syndyka-masy-upadłości-ŚSM-w-upadłości-likwidacyjnej-1.jpg

https://srodmiejska.waw.pl/wp-content/uploads/2020/08/10_Zarządzenie-nr-10_2020-Syndyka-masy-upadłości-ŚSM-w-upadłości-likwidacyjnej-1.jpg

https://srodmiejska.waw.pl/wp-content/uploads/2020/08/10_Zarządzenie-nr-10_2020-Syndyka-masy-upadłości-ŚSM-w-upadłości-likwidacyjnej-1.pdf
