{"id":2009,"date":"2020-03-26T09:10:16","date_gmt":"2020-03-26T09:10:16","guid":{"rendered":"http:\/\/srodmiejska.waw.pl\/wp-content\/uploads\/2020\/03\/4_Zarz\u0105dzenie-nr-4_2020-Syndyka-Masy-Upad\u0142o\u015bci-w-sprawie-zmiany-organizacji-pracy-od-30-marca-2020-do-odwo\u0142ania.pdf"},"modified":"2020-03-26T09:20:10","modified_gmt":"2020-03-26T09:20:10","slug":"4_zarzadzenie-nr-4_2020-syndyka-masy-upadlosci-w-sprawie-zmiany-organizacji-pracy-od-30-marca-2020-do-odwolania","status":"inherit","type":"attachment","link":"https:\/\/srodmiejska.waw.pl\/?attachment_id=2009","title":{"rendered":"4_Zarz\u0105dzenie nr 4_2020 Syndyka Masy Upad\u0142o\u015bci w sprawie zmiany organizacji pracy od 30 marca 2020 do odwo\u0142ania"},"author":4,"featured_media":0,"comment_status":"closed","ping_status":"closed","template":"","meta":[],"class_list":["post-2009","attachment","type-attachment","status-inherit","hentry"],"description":{"rendered":"<p class=\"attachment\"><a href='https:\/\/srodmiejska.waw.pl\/wp-content\/uploads\/2020\/03\/4_Zarz\u0105dzenie-nr-4_2020-Syndyka-Masy-Upad\u0142o\u015bci-w-sprawie-zmiany-organizacji-pracy-od-30-marca-2020-do-odwo\u0142ania.pdf'><img loading=\"lazy\" decoding=\"async\" width=\"212\" height=\"300\" src=\"https:\/\/srodmiejska.waw.pl\/wp-content\/uploads\/2020\/03\/4_Zarz\u0105dzenie-nr-4_2020-Syndyka-Masy-Upad\u0142o\u015bci-w-sprawie-zmiany-organizacji-pracy-od-30-marca-2020-do-odwo\u0142ania-212x300.jpg\" class=\"attachment-medium size-medium\" alt=\"\" \/><\/a><\/p>\n"},"caption":{"rendered":""},"alt_text":"","media_type":"file","mime_type":"application\/pdf","media_details":{"sizes":{"thumbnail":{"file":"4_Zarz\u0105dzenie-nr-4_2020-Syndyka-Masy-Upad\u0142o\u015bci-w-sprawie-zmiany-organizacji-pracy-od-30-marca-2020-do-odwo\u0142ania-106x150.jpg","width":106,"height":150,"mime_type":"image\/jpeg","source_url":"https:\/\/srodmiejska.waw.pl\/wp-content\/uploads\/2020\/03\/4_Zarz\u0105dzenie-nr-4_2020-Syndyka-Masy-Upad\u0142o\u015bci-w-sprawie-zmiany-organizacji-pracy-od-30-marca-2020-do-odwo\u0142ania-106x150.jpg"},"medium":{"file":"4_Zarz\u0105dzenie-nr-4_2020-Syndyka-Masy-Upad\u0142o\u015bci-w-sprawie-zmiany-organizacji-pracy-od-30-marca-2020-do-odwo\u0142ania-212x300.jpg","width":212,"height":300,"mime_type":"image\/jpeg","source_url":"https:\/\/srodmiejska.waw.pl\/wp-content\/uploads\/2020\/03\/4_Zarz\u0105dzenie-nr-4_2020-Syndyka-Masy-Upad\u0142o\u015bci-w-sprawie-zmiany-organizacji-pracy-od-30-marca-2020-do-odwo\u0142ania-212x300.jpg"},"large":{"file":"4_Zarz\u0105dzenie-nr-4_2020-Syndyka-Masy-Upad\u0142o\u015bci-w-sprawie-zmiany-organizacji-pracy-od-30-marca-2020-do-odwo\u0142ania-725x1024.jpg","width":725,"height":1024,"mime_type":"image\/jpeg","source_url":"https:\/\/srodmiejska.waw.pl\/wp-content\/uploads\/2020\/03\/4_Zarz\u0105dzenie-nr-4_2020-Syndyka-Masy-Upad\u0142o\u015bci-w-sprawie-zmiany-organizacji-pracy-od-30-marca-2020-do-odwo\u0142ania-725x1024.jpg"},"full":{"file":"4_Zarz\u0105dzenie-nr-4_2020-Syndyka-Masy-Upad\u0142o\u015bci-w-sprawie-zmiany-organizacji-pracy-od-30-marca-2020-do-odwo\u0142ania.jpg","width":1060,"height":1497,"mime_type":"application\/pdf","source_url":"https:\/\/srodmiejska.waw.pl\/wp-content\/uploads\/2020\/03\/4_Zarz\u0105dzenie-nr-4_2020-Syndyka-Masy-Upad\u0142o\u015bci-w-sprawie-zmiany-organizacji-pracy-od-30-marca-2020-do-odwo\u0142ania.jpg"}}},"post":2010,"source_url":"https:\/\/srodmiejska.waw.pl\/wp-content\/uploads\/2020\/03\/4_Zarz\u0105dzenie-nr-4_2020-Syndyka-Masy-Upad\u0142o\u015bci-w-sprawie-zmiany-organizacji-pracy-od-30-marca-2020-do-odwo\u0142ania.pdf","_links":{"self":[{"href":"https:\/\/srodmiejska.waw.pl\/index.php?rest_route=\/wp\/v2\/media\/2009","targetHints":{"allow":["GET"]}}],"collection":[{"href":"https:\/\/srodmiejska.waw.pl\/index.php?rest_route=\/wp\/v2\/media"}],"about":[{"href":"https:\/\/srodmiejska.waw.pl\/index.php?rest_route=\/wp\/v2\/types\/attachment"}],"author":[{"embeddable":true,"href":"https:\/\/srodmiejska.waw.pl\/index.php?rest_route=\/wp\/v2\/users\/4"}],"replies":[{"embeddable":true,"href":"https:\/\/srodmiejska.waw.pl\/index.php?rest_route=%2Fwp%2Fv2%2Fcomments&post=2009"}],"wp:attached-to":[{"embeddable":true,"post_type":"post","id":2010,"href":"https:\/\/srodmiejska.waw.pl\/index.php?rest_route=\/wp\/v2\/posts\/2010"}],"curies":[{"name":"wp","href":"https:\/\/api.w.org\/{rel}","templated":true}]}}

http://srodmiejska.waw.pl/wp-content/uploads/2020/03/4_Zarządzenie-nr-4_2020-Syndyka-Masy-Upadłości-w-sprawie-zmiany-organizacji-pracy-od-30-marca-2020-do-odwołania.pdf

4_Zarządzenie nr 4_2020 Syndyka Masy Upadłości w sprawie zmiany organizacji pracy od 30 marca 2020 do odwołania

<p class="attachment"><a href='https://srodmiejska.waw.pl/wp-content/uploads/2020/03/4_Zarządzenie-nr-4_2020-Syndyka-Masy-Upadłości-w-sprawie-zmiany-organizacji-pracy-od-30-marca-2020-do-odwołania.pdf'><img loading="lazy" decoding="async" width="212" height="300" src="https://srodmiejska.waw.pl/wp-content/uploads/2020/03/4_Zarządzenie-nr-4_2020-Syndyka-Masy-Upadłości-w-sprawie-zmiany-organizacji-pracy-od-30-marca-2020-do-odwołania-212x300.jpg" class="attachment-medium size-medium" alt="" /></a></p>

4_Zarządzenie-nr-4_2020-Syndyka-Masy-Upadłości-w-sprawie-zmiany-organizacji-pracy-od-30-marca-2020-do-odwołania-106x150.jpg

https://srodmiejska.waw.pl/wp-content/uploads/2020/03/4_Zarządzenie-nr-4_2020-Syndyka-Masy-Upadłości-w-sprawie-zmiany-organizacji-pracy-od-30-marca-2020-do-odwołania-106x150.jpg

4_Zarządzenie-nr-4_2020-Syndyka-Masy-Upadłości-w-sprawie-zmiany-organizacji-pracy-od-30-marca-2020-do-odwołania-212x300.jpg

https://srodmiejska.waw.pl/wp-content/uploads/2020/03/4_Zarządzenie-nr-4_2020-Syndyka-Masy-Upadłości-w-sprawie-zmiany-organizacji-pracy-od-30-marca-2020-do-odwołania-212x300.jpg

4_Zarządzenie-nr-4_2020-Syndyka-Masy-Upadłości-w-sprawie-zmiany-organizacji-pracy-od-30-marca-2020-do-odwołania-725x1024.jpg

https://srodmiejska.waw.pl/wp-content/uploads/2020/03/4_Zarządzenie-nr-4_2020-Syndyka-Masy-Upadłości-w-sprawie-zmiany-organizacji-pracy-od-30-marca-2020-do-odwołania-725x1024.jpg

4_Zarządzenie-nr-4_2020-Syndyka-Masy-Upadłości-w-sprawie-zmiany-organizacji-pracy-od-30-marca-2020-do-odwołania.jpg

https://srodmiejska.waw.pl/wp-content/uploads/2020/03/4_Zarządzenie-nr-4_2020-Syndyka-Masy-Upadłości-w-sprawie-zmiany-organizacji-pracy-od-30-marca-2020-do-odwołania.jpg

https://srodmiejska.waw.pl/wp-content/uploads/2020/03/4_Zarządzenie-nr-4_2020-Syndyka-Masy-Upadłości-w-sprawie-zmiany-organizacji-pracy-od-30-marca-2020-do-odwołania.pdf
