{"id":1814,"date":"2019-01-30T09:51:41","date_gmt":"2019-01-30T09:51:41","guid":{"rendered":"http:\/\/srodmiejska.waw.pl\/wp-content\/uploads\/2019\/01\/Kwartalne-zestawienie-nale\u017cno\u015bci-obj\u0119tych-post\u0119powaniem-windykacyjnym-_pa\u017adziernik-grudzie\u0144-2018-r.pdf"},"modified":"2019-01-30T09:51:41","modified_gmt":"2019-01-30T09:51:41","slug":"kwartalne-zestawienie-naleznosci-objetych-postepowaniem-windykacyjnym-_pazdziernik-grudzien-2018-r","status":"inherit","type":"attachment","link":"https:\/\/srodmiejska.waw.pl\/?attachment_id=1814","title":{"rendered":"Kwartalne zestawienie nale\u017cno\u015bci obj\u0119tych post\u0119powaniem windykacyjnym _pa\u017adziernik-grudzie\u0144 2018 r"},"author":4,"featured_media":0,"comment_status":"closed","ping_status":"closed","template":"","meta":[],"class_list":["post-1814","attachment","type-attachment","status-inherit","hentry"],"description":{"rendered":"<p class=\"attachment\"><a href='https:\/\/srodmiejska.waw.pl\/wp-content\/uploads\/2019\/01\/Kwartalne-zestawienie-nale\u017cno\u015bci-obj\u0119tych-post\u0119powaniem-windykacyjnym-_pa\u017adziernik-grudzie\u0144-2018-r.pdf'><img loading=\"lazy\" decoding=\"async\" width=\"212\" height=\"300\" src=\"https:\/\/srodmiejska.waw.pl\/wp-content\/uploads\/2019\/01\/Kwartalne-zestawienie-nale\u017cno\u015bci-obj\u0119tych-post\u0119powaniem-windykacyjnym-_pa\u017adziernik-grudzie\u0144-2018-r-212x300.jpg\" class=\"attachment-medium size-medium\" alt=\"\" \/><\/a><\/p>\n"},"caption":{"rendered":""},"alt_text":"","media_type":"file","mime_type":"application\/pdf","media_details":{"sizes":{"thumbnail":{"file":"Kwartalne-zestawienie-nale\u017cno\u015bci-obj\u0119tych-post\u0119powaniem-windykacyjnym-_pa\u017adziernik-grudzie\u0144-2018-r-106x150.jpg","width":106,"height":150,"mime_type":"image\/jpeg","source_url":"https:\/\/srodmiejska.waw.pl\/wp-content\/uploads\/2019\/01\/Kwartalne-zestawienie-nale\u017cno\u015bci-obj\u0119tych-post\u0119powaniem-windykacyjnym-_pa\u017adziernik-grudzie\u0144-2018-r-106x150.jpg"},"medium":{"file":"Kwartalne-zestawienie-nale\u017cno\u015bci-obj\u0119tych-post\u0119powaniem-windykacyjnym-_pa\u017adziernik-grudzie\u0144-2018-r-212x300.jpg","width":212,"height":300,"mime_type":"image\/jpeg","source_url":"https:\/\/srodmiejska.waw.pl\/wp-content\/uploads\/2019\/01\/Kwartalne-zestawienie-nale\u017cno\u015bci-obj\u0119tych-post\u0119powaniem-windykacyjnym-_pa\u017adziernik-grudzie\u0144-2018-r-212x300.jpg"},"large":{"file":"Kwartalne-zestawienie-nale\u017cno\u015bci-obj\u0119tych-post\u0119powaniem-windykacyjnym-_pa\u017adziernik-grudzie\u0144-2018-r-725x1024.jpg","width":725,"height":1024,"mime_type":"image\/jpeg","source_url":"https:\/\/srodmiejska.waw.pl\/wp-content\/uploads\/2019\/01\/Kwartalne-zestawienie-nale\u017cno\u015bci-obj\u0119tych-post\u0119powaniem-windykacyjnym-_pa\u017adziernik-grudzie\u0144-2018-r-725x1024.jpg"},"full":{"file":"Kwartalne-zestawienie-nale\u017cno\u015bci-obj\u0119tych-post\u0119powaniem-windykacyjnym-_pa\u017adziernik-grudzie\u0144-2018-r.jpg","width":1060,"height":1497,"mime_type":"application\/pdf","source_url":"https:\/\/srodmiejska.waw.pl\/wp-content\/uploads\/2019\/01\/Kwartalne-zestawienie-nale\u017cno\u015bci-obj\u0119tych-post\u0119powaniem-windykacyjnym-_pa\u017adziernik-grudzie\u0144-2018-r.jpg"}}},"post":1813,"source_url":"https:\/\/srodmiejska.waw.pl\/wp-content\/uploads\/2019\/01\/Kwartalne-zestawienie-nale\u017cno\u015bci-obj\u0119tych-post\u0119powaniem-windykacyjnym-_pa\u017adziernik-grudzie\u0144-2018-r.pdf","_links":{"self":[{"href":"https:\/\/srodmiejska.waw.pl\/index.php?rest_route=\/wp\/v2\/media\/1814","targetHints":{"allow":["GET"]}}],"collection":[{"href":"https:\/\/srodmiejska.waw.pl\/index.php?rest_route=\/wp\/v2\/media"}],"about":[{"href":"https:\/\/srodmiejska.waw.pl\/index.php?rest_route=\/wp\/v2\/types\/attachment"}],"author":[{"embeddable":true,"href":"https:\/\/srodmiejska.waw.pl\/index.php?rest_route=\/wp\/v2\/users\/4"}],"replies":[{"embeddable":true,"href":"https:\/\/srodmiejska.waw.pl\/index.php?rest_route=%2Fwp%2Fv2%2Fcomments&post=1814"}],"wp:attached-to":[{"embeddable":true,"post_type":"post","id":1813,"href":"https:\/\/srodmiejska.waw.pl\/index.php?rest_route=\/wp\/v2\/posts\/1813"}],"curies":[{"name":"wp","href":"https:\/\/api.w.org\/{rel}","templated":true}]}}

http://srodmiejska.waw.pl/wp-content/uploads/2019/01/Kwartalne-zestawienie-należności-objętych-postępowaniem-windykacyjnym-_październik-grudzień-2018-r.pdf

Kwartalne zestawienie należności objętych postępowaniem windykacyjnym _październik-grudzień 2018 r

<p class="attachment"><a href='https://srodmiejska.waw.pl/wp-content/uploads/2019/01/Kwartalne-zestawienie-należności-objętych-postępowaniem-windykacyjnym-_październik-grudzień-2018-r.pdf'><img loading="lazy" decoding="async" width="212" height="300" src="https://srodmiejska.waw.pl/wp-content/uploads/2019/01/Kwartalne-zestawienie-należności-objętych-postępowaniem-windykacyjnym-_październik-grudzień-2018-r-212x300.jpg" class="attachment-medium size-medium" alt="" /></a></p>

Kwartalne-zestawienie-należności-objętych-postępowaniem-windykacyjnym-_październik-grudzień-2018-r-106x150.jpg

https://srodmiejska.waw.pl/wp-content/uploads/2019/01/Kwartalne-zestawienie-należności-objętych-postępowaniem-windykacyjnym-_październik-grudzień-2018-r-106x150.jpg

Kwartalne-zestawienie-należności-objętych-postępowaniem-windykacyjnym-_październik-grudzień-2018-r-212x300.jpg

https://srodmiejska.waw.pl/wp-content/uploads/2019/01/Kwartalne-zestawienie-należności-objętych-postępowaniem-windykacyjnym-_październik-grudzień-2018-r-212x300.jpg

Kwartalne-zestawienie-należności-objętych-postępowaniem-windykacyjnym-_październik-grudzień-2018-r-725x1024.jpg

https://srodmiejska.waw.pl/wp-content/uploads/2019/01/Kwartalne-zestawienie-należności-objętych-postępowaniem-windykacyjnym-_październik-grudzień-2018-r-725x1024.jpg

Kwartalne-zestawienie-należności-objętych-postępowaniem-windykacyjnym-_październik-grudzień-2018-r.jpg

https://srodmiejska.waw.pl/wp-content/uploads/2019/01/Kwartalne-zestawienie-należności-objętych-postępowaniem-windykacyjnym-_październik-grudzień-2018-r.jpg

https://srodmiejska.waw.pl/wp-content/uploads/2019/01/Kwartalne-zestawienie-należności-objętych-postępowaniem-windykacyjnym-_październik-grudzień-2018-r.pdf
